{"id":1829,"date":"2023-04-29T17:23:16","date_gmt":"2023-04-29T21:23:16","guid":{"rendered":"https:\/\/snctelecom.com\/?post_type=product&#038;p=1829"},"modified":"2023-05-06T17:59:27","modified_gmt":"2023-05-06T21:59:27","slug":"mrf173-28v-80-watt-module","status":"publish","type":"product","link":"https:\/\/snctelecom.com\/index.php\/product\/mrf173-28v-80-watt-module\/","title":{"rendered":"MRF173 28V 80 Watt Module"},"content":{"rendered":"<p>Dise\u00f1ado para transmisores de radio FM, este amplificador incorpora adaptaci\u00f3n de banda ancha y un transistor MRF173 MOSFET.<\/p>\n","protected":false},"excerpt":{"rendered":"<p>Requiere 28Vdc a 4.0 amperios t\u00edpicos.<br \/>\nNo se requieren ajustes de polarizaci\u00f3n o sintonizaci\u00f3n de circuito RF.<\/p>\n","protected":false},"featured_media":1926,"comment_status":"open","ping_status":"closed","template":"","meta":{"_uag_custom_page_level_css":"","site-sidebar-layout":"default","site-content-layout":"default","ast-site-content-layout":"","site-content-style":"default","site-sidebar-style":"default","ast-global-header-display":"","ast-banner-title-visibility":"","ast-main-header-display":"","ast-hfb-above-header-display":"","ast-hfb-below-header-display":"","ast-hfb-mobile-header-display":"","site-post-title":"","ast-breadcrumbs-content":"","ast-featured-img":"","footer-sml-layout":"","theme-transparent-header-meta":"default","adv-header-id-meta":"","stick-header-meta":"","header-above-stick-meta":"","header-main-stick-meta":"","header-below-stick-meta":"","astra-migrate-meta-layouts":"default","ast-page-background-enabled":"default","ast-page-background-meta":{"desktop":{"background-color":"var(--ast-global-color-4)","background-image":"","background-repeat":"repeat","background-position":"center center","background-size":"auto","background-attachment":"scroll","background-type":"","background-media":"","overlay-type":"","overlay-color":"","overlay-opacity":"","overlay-gradient":""},"tablet":{"background-color":"","background-image":"","background-repeat":"repeat","background-position":"center center","background-size":"auto","background-attachment":"scroll","background-type":"","background-media":"","overlay-type":"","overlay-color":"","overlay-opacity":"","overlay-gradient":""},"mobile":{"background-color":"","background-image":"","background-repeat":"repeat","background-position":"center center","background-size":"auto","background-attachment":"scroll","background-type":"","background-media":"","overlay-type":"","overlay-color":"","overlay-opacity":"","overlay-gradient":""}},"ast-content-background-meta":{"desktop":{"background-color":"var(--ast-global-color-5)","background-image":"","background-repeat":"repeat","background-position":"center center","background-size":"auto","background-attachment":"scroll","background-type":"","background-media":"","overlay-type":"","overlay-color":"","overlay-opacity":"","overlay-gradient":""},"tablet":{"background-color":"var(--ast-global-color-5)","background-image":"","background-repeat":"repeat","background-position":"center center","background-size":"auto","background-attachment":"scroll","background-type":"","background-media":"","overlay-type":"","overlay-color":"","overlay-opacity":"","overlay-gradient":""},"mobile":{"background-color":"var(--ast-global-color-5)","background-image":"","background-repeat":"repeat","background-position":"center center","background-size":"auto","background-attachment":"scroll","background-type":"","background-media":"","overlay-type":"","overlay-color":"","overlay-opacity":"","overlay-gradient":""}}},"product_brand":[],"product_cat":[25,26],"product_tag":[39,42,41,40],"class_list":{"0":"post-1829","1":"product","2":"type-product","3":"status-publish","4":"has-post-thumbnail","6":"product_cat-amplificador-pallet-fm","7":"product_cat-fm-drivers","8":"product_tag-amplificador","9":"product_tag-drivers","10":"product_tag-fm","11":"product_tag-pallet","12":"desktop-align-left","13":"tablet-align-left","14":"mobile-align-left","16":"first","17":"instock","18":"taxable","19":"shipping-taxable","20":"product-type-simple"},"uagb_featured_image_src":{"full":["https:\/\/snctelecom.com\/wp-content\/uploads\/2023\/04\/FM70MOT.jpg",620,558,false],"thumbnail":["https:\/\/snctelecom.com\/wp-content\/uploads\/2023\/04\/FM70MOT.jpg",150,135,false],"medium":["https:\/\/snctelecom.com\/wp-content\/uploads\/2023\/04\/FM70MOT.jpg",300,270,false],"medium_large":["https:\/\/snctelecom.com\/wp-content\/uploads\/2023\/04\/FM70MOT.jpg",620,558,false],"large":["https:\/\/snctelecom.com\/wp-content\/uploads\/2023\/04\/FM70MOT.jpg",620,558,false],"1536x1536":["https:\/\/snctelecom.com\/wp-content\/uploads\/2023\/04\/FM70MOT.jpg",620,558,false],"2048x2048":["https:\/\/snctelecom.com\/wp-content\/uploads\/2023\/04\/FM70MOT.jpg",620,558,false],"woocommerce_thumbnail":["https:\/\/snctelecom.com\/wp-content\/uploads\/2023\/04\/FM70MOT-300x300.jpg",300,300,true],"woocommerce_single":["https:\/\/snctelecom.com\/wp-content\/uploads\/2023\/04\/FM70MOT.jpg",600,540,false],"woocommerce_gallery_thumbnail":["https:\/\/snctelecom.com\/wp-content\/uploads\/2023\/04\/FM70MOT-100x100.jpg",100,100,true]},"uagb_author_info":{"display_name":"admin","author_link":"https:\/\/snctelecom.com\/index.php\/author\/"},"uagb_comment_info":0,"uagb_excerpt":"Requiere 28Vdc a 4.0 amperios t\u00edpicos. No se requieren ajustes de polarizaci\u00f3n o sintonizaci\u00f3n de circuito RF.","jetpack_sharing_enabled":true,"_links":{"self":[{"href":"https:\/\/snctelecom.com\/index.php\/wp-json\/wp\/v2\/product\/1829","targetHints":{"allow":["GET"]}}],"collection":[{"href":"https:\/\/snctelecom.com\/index.php\/wp-json\/wp\/v2\/product"}],"about":[{"href":"https:\/\/snctelecom.com\/index.php\/wp-json\/wp\/v2\/types\/product"}],"replies":[{"embeddable":true,"href":"https:\/\/snctelecom.com\/index.php\/wp-json\/wp\/v2\/comments?post=1829"}],"wp:featuredmedia":[{"embeddable":true,"href":"https:\/\/snctelecom.com\/index.php\/wp-json\/wp\/v2\/media\/1926"}],"wp:attachment":[{"href":"https:\/\/snctelecom.com\/index.php\/wp-json\/wp\/v2\/media?parent=1829"}],"wp:term":[{"taxonomy":"product_brand","embeddable":true,"href":"https:\/\/snctelecom.com\/index.php\/wp-json\/wp\/v2\/product_brand?post=1829"},{"taxonomy":"product_cat","embeddable":true,"href":"https:\/\/snctelecom.com\/index.php\/wp-json\/wp\/v2\/product_cat?post=1829"},{"taxonomy":"product_tag","embeddable":true,"href":"https:\/\/snctelecom.com\/index.php\/wp-json\/wp\/v2\/product_tag?post=1829"}],"curies":[{"name":"wp","href":"https:\/\/api.w.org\/{rel}","templated":true}]}}